he greatest common factor of 12064 and 17719.
377
What is the highest common divisor of 224 and 548576?
224
What is the greatest common factor of 465 and 6355?
155
Calculate the highest common factor of 315 and 153965.
35
What is the greatest common factor of 21325 and 25?
25
Calculate the highest common divisor of 3720 and 16320.
120
Calculate the highest common factor of 469 and 21910.
7
What is the highest common factor of 654 and 378?
6
Calculate the greatest common factor of 33916 and 7076.
244
What is the highest common divisor of 3170279 and 238?
119
Calculate the greatest common divisor of 32314 and 25038.
214
Calculate the highest common divisor of 794 and 34.
2
Calculate the highest common divisor of 27549 and 18.
9
Calculate the highest common divisor of 148799 and 7.
7
What is the greatest common divisor of 93688 and 28?
28
What is the highest common divisor of 12312 and 3534?
114
What is the highest common factor of 26 and 7033?
13
Calculate the greatest common factor of 169 and 12688.
13
Calculate the highest common divisor of 364 and 4186.
182
What is the highest common divisor of 23416 and 1696?
8
What is the highest common factor of 21063 and 42?
21
Calculate the highest common factor of 143455 and 3185.
65
What is the highest common divisor of 5530013 and 1523?
1523
Calculate the greatest common factor of 69 and 25692357.
69
What is the highest common divisor of 195 and 1379937?
39
Calculate the highest common factor of 822205 and 4624.
289
Calculate the greatest common divisor of 41677 and 3479.
71
What is the greatest common divisor of 1716 and 500500?
572
What is the greatest common divisor of 1212823 and 74?
37
Calculate the highest common factor of 268 and 23651.
67
What is the highest common divisor of 489321 and 567?
567
What is the greatest common factor of 81830 and 5635?
245
What is the greatest common divisor of 143875 and 25?
25
Calculate the highest common divisor of 2482666 and 186.
62
What is the highest common factor of 3653 and 15736?
281
Calculate the greatest common divisor of 1008 and 360612.
252
Calculate the greatest common divisor of 429 and 18993.
39
What is the highest common divisor of 324 and 163?
1
What is the greatest common divisor of 4940 and 2090?
190
Calculate the greatest common divisor of 972 and 1022004.
108
Calculate the highest common factor of 15010 and 38855.
95
What is the highest common factor of 29211 and 546?
273
What is the greatest common factor of 114 and 15828?
6
What is the highest common divisor of 36308 and 3596?
116
Calculate the highest common divisor of 104 and 29224.
104
What is the greatest common divisor of 607694 and 2488?
622
What is the highest common factor of 9367 and 15181?
323
Calculate the highest common factor of 280445 and 165.
55
Calculate the highest common factor of 15 and 624.
3
What is the greatest common divisor of 3509 and 305767?
121
What is the greatest common divisor of 27 and 33147?
9
What is the greatest common factor of 5808 and 1272?
24
Calculate the highest common divisor of 85100 and 231150.
1150
Calculate the greatest common divisor of 481635 and 108.
9
Calculate the greatest common factor of 9132 and 9888.
12
Calculate the highest common factor of 1120 and 470.
10
Calculate the highest common divisor of 4607 and 7317.
271
What is the highest common factor of 25026 and 12125?
97
What is the highest common factor of 15648 and 1248?
96
What is the greatest common divisor of 147390 and 210?
30
Calculate the greatest common divisor of 2151 and 1809.
9
Calculate the greatest common factor of 2840 and 2698.
142
Calculate the greatest common divisor of 1064 and 470554.
266
What is the greatest common divisor of 10421122 and 94?
94
Calculate the greatest common factor of 3272403 and 573.
573
Calculate the highest common factor of 40645 and 275.
55
What is the highest common factor of 137 and 3703247?
137
Calculate the greatest common divisor of 2703525 and 2486.
1243
What is the greatest common factor of 13 and 17953?
13
Calculate the greatest common factor of 2032 and 171958.
254
What is the highest common factor of 5760 and 11392?
128
What is the highest common factor of 36 and 144492?
12
What is the greatest common factor of 519887 and 1147?
37
Calculate the highest common divisor of 6145 and 755.
5
Calculate the greatest common divisor of 79007 and 861.
41
What is the greatest common divisor of 68590 and 175085?
1805
Calculate the highest common divisor of 4233 and 15.
3
What is the greatest common divisor of 13680 and 1620?
180
Calculate the greatest common divisor of 2361 and 93.
3
What is the highest common factor of 804 and 364011?
201
Calculate the greatest common factor of 418035 and 930.
465
What is the greatest common divisor of 13230 and 816291?
1323
What is the highest common factor of 3009 and 5763?
51
What is the highest common divisor of 28 and 1006516?
28
What is the greatest common factor of 408 and 9552?
24
Calculate the greatest common factor of 1014 and 117.
39
Calculate the greatest common factor of 157035 and 1305.
435
Calculate the greatest common factor of 1360 and 14080.
80
Calculate the greatest common divisor of 5203 and 52272.
121
Calculate the greatest common divisor of 270 and 430290.
90
What is the greatest common factor of 84 and 1266069?
21
What is the greatest common factor of 2182555 and 155?
155
What is the highest common factor of 284943 and 171?
57
What is the greatest common divisor of 852444 and 54?
54
Calculate the highest common factor of 4771 and 118541.
367
Calculate the highest common factor of 2630 and 29719.
263
Calculate the highest common divisor of 1170 and 710.
10
What is the highest common factor of 23 and 125534?
23
What is the highest common factor of 75139 and 5?
1
What is the highest common factor of 1926 and 90?
18
What is the greatest common factor of 1110 and 38628?
222
Calculate the highest common divisor of 84842 and 4838.
118
What is the greatest common divisor of 110700 and 9900?
900
What is the greatest common divisor of 918 and 8964?
54
What is the greatest common factor of 18 and 496890?
18
Calculate the highest common factor of 3510907 and 43.
43
Calculate the highest common divisor of 44 and 91091.
11
What is the greatest common divisor of 228 and 115444?
76
Calculate the greatest common factor of 25449 and 918.
51
Calculate the highest common divisor of 724384 and 16.
16
Calculate the highest common factor of 90946 and 6142.
74
What is the highest common factor of 66209 and 5291?
143
Calculate the greatest common factor of 16244 and 4192.
524
What is the highest common divisor of 159 and 330?
3
What is the highest common factor of 3584 and 9072?
112
What is the greatest common divisor of 190 and 2810?
10
Calculate the highest common divisor of 240 and 10000.
80
Calculate the greatest common factor of 1813753 and 349.
349
Calculate the greatest common factor of 36311 and 11.
11
What is the greatest common divisor of 599525 and 175?
25
Calculate the highest common factor of 43308 and 9.
9
What is the greatest common divisor of 135 and 309785?
5
Calculate the greatest common factor of 60 and 15285.
15
Calculate the highest common divisor of 6509 and 181403.
283
Calculate the greatest common factor of 91 and 107.
1
Calculate the highest common factor of 9269 and 92.
23
What is the greatest common factor of 603 and 20904?
201
Calculate the highest common factor of 2 and 10574.
2
What is the greatest common divisor of 726 and 22242?
66
Calculate the greatest common factor of 7112 and 29464.
1016
What is the greatest common factor of 909170 and 45?
5
Calculate the greatest common factor of 2808 and 324.
108
What is the highest common factor of 371063 and 1001?
77
What is the greatest common factor of 516 and 139406?
86
What is the greatest common divisor of 2256 and 403072?
752
What is the highest common factor of 30102 and 1211?
173
Calculate the highest common factor of 15883992 and 432.
216
What is the greatest common factor of 391 and 4080?
17
What is the greatest common divisor of 1360564 and 2536?
1268
Calculate the greatest common factor of 36 and 14345064.
36
Calculate the highest common divisor of 25 and 468175.
25
What is the highest common factor of 6698 and 2533?
17
What 